{"id":703,"date":"2011-05-20T18:51:43","date_gmt":"2011-05-21T01:51:43","guid":{"rendered":"http:\/\/wpthemetestdata.wordpress.com\/?page_id=703"},"modified":"2020-01-24T12:15:12","modified_gmt":"2020-01-24T11:15:12","slug":"blog","status":"publish","type":"page","link":"https:\/\/www.tygrys-biznes.pl\/?page_id=703","title":{"rendered":"O NAS"},"content":{"rendered":"<div class=\"mp-row-fluid motopress-row mpce-dsbl-margin-left mpce-dsbl-margin-right\">\n<div class=\"motopress-clmn mp-span12  mpce-dsbl-margin-left mpce-dsbl-margin-right\">\n<div class=\"motopress-text-obj\">\n<h2 style=\"text-align: center;\"><span style=\"color: #ff9900;\">O NAS&nbsp;<\/span><\/h2>\n<\/div>\n<\/div>\n<\/div>\n<div class=\"mp-row-fluid motopress-row mpce-dsbl-margin-left mpce-dsbl-margin-right\">\n<div class=\"motopress-clmn mp-span12  mpce-dsbl-margin-left mpce-dsbl-margin-right\">\n<div class=\"motopress-text-obj\">\n<p><span style=\"color: #ff9900;\"><strong>TYGRYS.NET BIZNES<\/strong><\/span> to dzia\u0142 wsparcia biznesowego firmy Nowatel Sp. z o.o.- operatora sieci TYGRYS.NET.<\/p>\n<p>Dzia\u0142amy na terenie Rumia i okolic.<\/p>\n<p>Posiadamy do\u015bwiadczenie w obs\u0142udze tysi\u0119cy klient&oacute;w detalicznych, rozbudowanej infrastrukturze sieciowej i serwerowej. Obs\u0142ugujemy klient&oacute;w bud\u017cetowych, s\u0142u\u017cby mundurowe jak i ma\u0142e i \u015brednie firmy. Specjalizujemy si\u0119 w kompleksowej obs\u0142udze informatycznej firm,<br \/>budowie system&oacute;w serwerowych, sieciowych itp.<\/p>\n<p>Nasza firma posiada koncesj\u0119 na obr&oacute;t technologi\u0105 policyjn\u0105 i wojskow\u0105. Dzia\u0142amy zgodnie z wdro\u017con\u0105 i certyfikowan\u0105 norm\u0105 ISO 9001<\/p>\n<p>&nbsp;<\/p>\n<\/div>\n<\/div>\n<\/div>\n<div class=\"mp-row-fluid motopress-row mpce-dsbl-margin-left mpce-dsbl-margin-right\">\n<div class=\"motopress-clmn mp-span12  mpce-dsbl-margin-left mpce-dsbl-margin-right\">\n<div class=\"motopress-image-obj motopress-text-align-center\"><img decoding=\"async\" src=\"https:\/\/www.tygrys-biznes.pl\/wp-content\/uploads\/2019\/03\/3.jpg\" title=\"3\" alt=\"3\" class=\"motopress-image-obj-basic mpce-dsbl-margin-left mpce-dsbl-margin-right mpce-dsbl-margin-top mpce-dsbl-margin-bottom\" \/><\/div>\n<\/div>\n<\/div>\n","protected":false},"excerpt":{"rendered":"O NAS&nbsp; TYGRYS.NET BIZNES to dzia\u0142 wsparcia biznesowego firmy Nowatel Sp. z o.o.- [&hellip;]","protected":false},"author":1,"featured_media":0,"parent":0,"menu_order":0,"comment_status":"open","ping_status":"closed","template":"","meta":{"footnotes":""},"class_list":["post-703","page","type-page","status-publish","hentry"],"yoast_head":"<!-- This site is optimized with the Yoast SEO plugin v25.0 - https:\/\/yoast.com\/wordpress\/plugins\/seo\/ -->\n<title>O NAS - TYGRYS.NET BIZNES<\/title>\n<meta name=\"robots\" content=\"index, follow, max-snippet:-1, max-image-preview:large, max-video-preview:-1\" \/>\n<link rel=\"canonical\" href=\"https:\/\/www.tygrys-biznes.pl\/?page_id=703\" \/>\n<meta property=\"og:locale\" content=\"pl_PL\" \/>\n<meta property=\"og:type\" content=\"article\" \/>\n<meta property=\"og:title\" content=\"O NAS - TYGRYS.NET BIZNES\" \/>\n<meta property=\"og:description\" content=\"O NAS&nbsp; TYGRYS.NET BIZNES to dzia\u0142 wsparcia biznesowego firmy Nowatel Sp. z o.o.- [&hellip;]\" \/>\n<meta property=\"og:url\" content=\"https:\/\/www.tygrys-biznes.pl\/?page_id=703\" \/>\n<meta property=\"og:site_name\" content=\"TYGRYS.NET BIZNES\" \/>\n<meta property=\"article:publisher\" content=\"https:\/\/www.facebook.com\/tygrys.net\" \/>\n<meta property=\"article:modified_time\" content=\"2020-01-24T11:15:12+00:00\" \/>\n<meta property=\"og:image\" content=\"https:\/\/www.tygrys-biznes.pl\/wp-content\/uploads\/2019\/03\/3.jpg\" \/>\n<meta name=\"twitter:card\" content=\"summary_large_image\" \/>\n<meta name=\"twitter:label1\" content=\"Szacowany czas czytania\" \/>\n\t<meta name=\"twitter:data1\" content=\"1 minuta\" \/>\n<script type=\"application\/ld+json\" class=\"yoast-schema-graph\">{\"@context\":\"https:\/\/schema.org\",\"@graph\":[{\"@type\":\"WebPage\",\"@id\":\"https:\/\/www.tygrys-biznes.pl\/?page_id=703\",\"url\":\"https:\/\/www.tygrys-biznes.pl\/?page_id=703\",\"name\":\"O NAS - TYGRYS.NET BIZNES\",\"isPartOf\":{\"@id\":\"https:\/\/www.tygrys-biznes.pl\/#website\"},\"primaryImageOfPage\":{\"@id\":\"https:\/\/www.tygrys-biznes.pl\/?page_id=703#primaryimage\"},\"image\":{\"@id\":\"https:\/\/www.tygrys-biznes.pl\/?page_id=703#primaryimage\"},\"thumbnailUrl\":\"https:\/\/www.tygrys-biznes.pl\/wp-content\/uploads\/2019\/03\/3.jpg\",\"datePublished\":\"2011-05-21T01:51:43+00:00\",\"dateModified\":\"2020-01-24T11:15:12+00:00\",\"breadcrumb\":{\"@id\":\"https:\/\/www.tygrys-biznes.pl\/?page_id=703#breadcrumb\"},\"inLanguage\":\"pl-PL\",\"potentialAction\":[{\"@type\":\"ReadAction\",\"target\":[\"https:\/\/www.tygrys-biznes.pl\/?page_id=703\"]}]},{\"@type\":\"ImageObject\",\"inLanguage\":\"pl-PL\",\"@id\":\"https:\/\/www.tygrys-biznes.pl\/?page_id=703#primaryimage\",\"url\":\"https:\/\/www.tygrys-biznes.pl\/wp-content\/uploads\/2019\/03\/3.jpg\",\"contentUrl\":\"https:\/\/www.tygrys-biznes.pl\/wp-content\/uploads\/2019\/03\/3.jpg\",\"width\":900,\"height\":600},{\"@type\":\"BreadcrumbList\",\"@id\":\"https:\/\/www.tygrys-biznes.pl\/?page_id=703#breadcrumb\",\"itemListElement\":[{\"@type\":\"ListItem\",\"position\":1,\"name\":\"Strona g\u0142\u00f3wna\",\"item\":\"https:\/\/www.tygrys-biznes.pl\/\"},{\"@type\":\"ListItem\",\"position\":2,\"name\":\"O NAS\"}]},{\"@type\":\"WebSite\",\"@id\":\"https:\/\/www.tygrys-biznes.pl\/#website\",\"url\":\"https:\/\/www.tygrys-biznes.pl\/\",\"name\":\"TYGRYS.NET BIZNES\",\"description\":\"Obs\u0142uga informatyczna\",\"publisher\":{\"@id\":\"https:\/\/www.tygrys-biznes.pl\/#organization\"},\"potentialAction\":[{\"@type\":\"SearchAction\",\"target\":{\"@type\":\"EntryPoint\",\"urlTemplate\":\"https:\/\/www.tygrys-biznes.pl\/?s={search_term_string}\"},\"query-input\":{\"@type\":\"PropertyValueSpecification\",\"valueRequired\":true,\"valueName\":\"search_term_string\"}}],\"inLanguage\":\"pl-PL\"},{\"@type\":\"Organization\",\"@id\":\"https:\/\/www.tygrys-biznes.pl\/#organization\",\"name\":\"TYGRYS.NET BIZNES\",\"url\":\"https:\/\/www.tygrys-biznes.pl\/\",\"logo\":{\"@type\":\"ImageObject\",\"inLanguage\":\"pl-PL\",\"@id\":\"https:\/\/www.tygrys-biznes.pl\/#\/schema\/logo\/image\/\",\"url\":\"https:\/\/www.tygrys-biznes.pl\/wp-content\/uploads\/2025\/04\/tygrysbiznes3logo.png\",\"contentUrl\":\"https:\/\/www.tygrys-biznes.pl\/wp-content\/uploads\/2025\/04\/tygrysbiznes3logo.png\",\"width\":200,\"height\":144,\"caption\":\"TYGRYS.NET BIZNES\"},\"image\":{\"@id\":\"https:\/\/www.tygrys-biznes.pl\/#\/schema\/logo\/image\/\"},\"sameAs\":[\"https:\/\/www.facebook.com\/tygrys.net\",\"https:\/\/www.instagram.com\/tygrys.net_rumia\/\"]}]}<\/script>\n<!-- \/ Yoast SEO plugin. -->","yoast_head_json":{"title":"O NAS - TYGRYS.NET BIZNES","robots":{"index":"index","follow":"follow","max-snippet":"max-snippet:-1","max-image-preview":"max-image-preview:large","max-video-preview":"max-video-preview:-1"},"canonical":"https:\/\/www.tygrys-biznes.pl\/?page_id=703","og_locale":"pl_PL","og_type":"article","og_title":"O NAS - TYGRYS.NET BIZNES","og_description":"O NAS&nbsp; TYGRYS.NET BIZNES to dzia\u0142 wsparcia biznesowego firmy Nowatel Sp. z o.o.- [&hellip;]","og_url":"https:\/\/www.tygrys-biznes.pl\/?page_id=703","og_site_name":"TYGRYS.NET BIZNES","article_publisher":"https:\/\/www.facebook.com\/tygrys.net","article_modified_time":"2020-01-24T11:15:12+00:00","og_image":[{"url":"https:\/\/www.tygrys-biznes.pl\/wp-content\/uploads\/2019\/03\/3.jpg","type":"","width":"","height":""}],"twitter_card":"summary_large_image","twitter_misc":{"Szacowany czas czytania":"1 minuta"},"schema":{"@context":"https:\/\/schema.org","@graph":[{"@type":"WebPage","@id":"https:\/\/www.tygrys-biznes.pl\/?page_id=703","url":"https:\/\/www.tygrys-biznes.pl\/?page_id=703","name":"O NAS - TYGRYS.NET BIZNES","isPartOf":{"@id":"https:\/\/www.tygrys-biznes.pl\/#website"},"primaryImageOfPage":{"@id":"https:\/\/www.tygrys-biznes.pl\/?page_id=703#primaryimage"},"image":{"@id":"https:\/\/www.tygrys-biznes.pl\/?page_id=703#primaryimage"},"thumbnailUrl":"https:\/\/www.tygrys-biznes.pl\/wp-content\/uploads\/2019\/03\/3.jpg","datePublished":"2011-05-21T01:51:43+00:00","dateModified":"2020-01-24T11:15:12+00:00","breadcrumb":{"@id":"https:\/\/www.tygrys-biznes.pl\/?page_id=703#breadcrumb"},"inLanguage":"pl-PL","potentialAction":[{"@type":"ReadAction","target":["https:\/\/www.tygrys-biznes.pl\/?page_id=703"]}]},{"@type":"ImageObject","inLanguage":"pl-PL","@id":"https:\/\/www.tygrys-biznes.pl\/?page_id=703#primaryimage","url":"https:\/\/www.tygrys-biznes.pl\/wp-content\/uploads\/2019\/03\/3.jpg","contentUrl":"https:\/\/www.tygrys-biznes.pl\/wp-content\/uploads\/2019\/03\/3.jpg","width":900,"height":600},{"@type":"BreadcrumbList","@id":"https:\/\/www.tygrys-biznes.pl\/?page_id=703#breadcrumb","itemListElement":[{"@type":"ListItem","position":1,"name":"Strona g\u0142\u00f3wna","item":"https:\/\/www.tygrys-biznes.pl\/"},{"@type":"ListItem","position":2,"name":"O NAS"}]},{"@type":"WebSite","@id":"https:\/\/www.tygrys-biznes.pl\/#website","url":"https:\/\/www.tygrys-biznes.pl\/","name":"TYGRYS.NET BIZNES","description":"Obs\u0142uga informatyczna","publisher":{"@id":"https:\/\/www.tygrys-biznes.pl\/#organization"},"potentialAction":[{"@type":"SearchAction","target":{"@type":"EntryPoint","urlTemplate":"https:\/\/www.tygrys-biznes.pl\/?s={search_term_string}"},"query-input":{"@type":"PropertyValueSpecification","valueRequired":true,"valueName":"search_term_string"}}],"inLanguage":"pl-PL"},{"@type":"Organization","@id":"https:\/\/www.tygrys-biznes.pl\/#organization","name":"TYGRYS.NET BIZNES","url":"https:\/\/www.tygrys-biznes.pl\/","logo":{"@type":"ImageObject","inLanguage":"pl-PL","@id":"https:\/\/www.tygrys-biznes.pl\/#\/schema\/logo\/image\/","url":"https:\/\/www.tygrys-biznes.pl\/wp-content\/uploads\/2025\/04\/tygrysbiznes3logo.png","contentUrl":"https:\/\/www.tygrys-biznes.pl\/wp-content\/uploads\/2025\/04\/tygrysbiznes3logo.png","width":200,"height":144,"caption":"TYGRYS.NET BIZNES"},"image":{"@id":"https:\/\/www.tygrys-biznes.pl\/#\/schema\/logo\/image\/"},"sameAs":["https:\/\/www.facebook.com\/tygrys.net","https:\/\/www.instagram.com\/tygrys.net_rumia\/"]}]}},"_links":{"self":[{"href":"https:\/\/www.tygrys-biznes.pl\/index.php?rest_route=\/wp\/v2\/pages\/703","targetHints":{"allow":["GET"]}}],"collection":[{"href":"https:\/\/www.tygrys-biznes.pl\/index.php?rest_route=\/wp\/v2\/pages"}],"about":[{"href":"https:\/\/www.tygrys-biznes.pl\/index.php?rest_route=\/wp\/v2\/types\/page"}],"author":[{"embeddable":true,"href":"https:\/\/www.tygrys-biznes.pl\/index.php?rest_route=\/wp\/v2\/users\/1"}],"replies":[{"embeddable":true,"href":"https:\/\/www.tygrys-biznes.pl\/index.php?rest_route=%2Fwp%2Fv2%2Fcomments&post=703"}],"version-history":[{"count":0,"href":"https:\/\/www.tygrys-biznes.pl\/index.php?rest_route=\/wp\/v2\/pages\/703\/revisions"}],"wp:attachment":[{"href":"https:\/\/www.tygrys-biznes.pl\/index.php?rest_route=%2Fwp%2Fv2%2Fmedia&parent=703"}],"curies":[{"name":"wp","href":"https:\/\/api.w.org\/{rel}","templated":true}]}}