{"id":2435,"date":"2019-03-21T12:22:39","date_gmt":"2019-03-21T11:22:39","guid":{"rendered":"http:\/\/www.tygrys-biznes.pl\/?page_id=2435"},"modified":"2019-03-21T12:38:28","modified_gmt":"2019-03-21T11:38:28","slug":"budowa-sieci","status":"publish","type":"page","link":"https:\/\/www.tygrys-biznes.pl\/?page_id=2435","title":{"rendered":"Budowa Sieci \u015awiat\u0142owodowych"},"content":{"rendered":"<div class=\"mp-row-fluid motopress-row mpce-dsbl-margin-left mpce-dsbl-margin-right\">\n<div class=\"motopress-clmn mp-span12  mpce-dsbl-margin-left mpce-dsbl-margin-right\">\n<div class=\"motopress-text-obj\">\n<h2 style=\"text-align: center;\"><span style=\"color: #ff6600;\">&nbsp;Budowa Sieci \u015awiat\u0142owodowych<\/span><\/h2>\n<\/div>\n<\/div>\n<\/div>\n<div class=\"mp-row-fluid motopress-row mpce-dsbl-margin-left mpce-dsbl-margin-right\">\n<div class=\"motopress-clmn mp-span6  mpce-dsbl-margin-left mpce-dsbl-margin-right\">\n<div class=\"motopress-text-obj\">\n<p>W zakresie budowy sieci \u015bwiat\u0142owodowych \u015bwiadczymy nast\u0119puj\u0105ce us\u0142ugi:<\/p>\n<ul>\n<li>&nbsp;Budowa linii \u015bwiat\u0142owodowych<\/li>\n<li>&nbsp;Naprawa kabli ziemnych i napowietrznych<\/li>\n<li>&nbsp;Monta\u017c prze\u0142\u0105cznic \u015bwiat\u0142owodowych<\/li>\n<li>&nbsp;Monta\u017c muf w kanalizacji teletechnicznej<\/li>\n<li>&nbsp;Spawarki z centrowaniem do rdzenia gwarantuj\u0105ce wysok\u0105 jako\u015b\u0107 spawu<\/li>\n<li>&nbsp;Mo\u017cliwo\u015b\u0107 wykonania zlecenia na nast\u0119pny dzie\u0144 roboczy<\/li>\n<li>&nbsp;Profesjonalne uk\u0142adanie w\u0142&oacute;kien w tacach i prze\u0142\u0105cznicach<\/li>\n<li>&nbsp;Konsultacje techniczne przed wykonaniem prac<\/li>\n<li>&nbsp;Uk\u0142adanie kabla w kana\u0142ach i kanalizacjach telekomunikacyjnych<\/li>\n<li>&nbsp;Pomiary lini \u015bwiat\u0142owodowych<\/li>\n<\/ul>\n<\/div>\n<\/div>\n<div class=\"motopress-clmn mp-span6  mpce-dsbl-margin-left mpce-dsbl-margin-right\">\n<div class=\"mp-row-fluid motopress-row mpce-dsbl-margin-left mpce-dsbl-margin-right\">\n<div class=\"motopress-clmn mp-span12 mpce-dsbl-margin-left mpce-dsbl-margin-right\">\n<div class=\"motopress-image-obj motopress-text-align-center\"><img decoding=\"async\" src=\"https:\/\/www.tygrys-biznes.pl\/wp-content\/uploads\/2019\/03\/cyberspace-data-wire-electronic-538f77c7ee1247d4167afa14240d0f4a-1024x683.jpg\" title=\"cyberspace-data-wire-electronic-538f77c7ee1247d4167afa14240d0f4a\" alt=\"cyberspace-data-wire-electronic-538f77c7ee1247d4167afa14240d0f4a\" class=\"motopress-image-obj-basic mpce-prvt-2435-5c9375537f817 mpce-dsbl-margin-left mpce-dsbl-margin-right mpce-dsbl-margin-top mpce-dsbl-margin-bottom\" \/><\/div>\n<\/div>\n<\/div>\n<\/div>\n<\/div>\n","protected":false},"excerpt":{"rendered":"&nbsp;Budowa Sieci \u015awiat\u0142owodowych W zakresie budowy sieci \u015bwiat\u0142owodowych \u015bwiadczymy nast\u0119puj\u0105ce us\u0142ugi: &nbsp;Budowa linii [&hellip;]","protected":false},"author":1,"featured_media":0,"parent":0,"menu_order":0,"comment_status":"closed","ping_status":"closed","template":"","meta":{"footnotes":""},"class_list":["post-2435","page","type-page","status-publish","hentry"],"yoast_head":"<!-- This site is optimized with the Yoast SEO plugin v25.0 - https:\/\/yoast.com\/wordpress\/plugins\/seo\/ -->\n<title>Budowa Sieci \u015awiat\u0142owodowych - TYGRYS.NET BIZNES<\/title>\n<meta name=\"robots\" content=\"index, follow, max-snippet:-1, max-image-preview:large, max-video-preview:-1\" \/>\n<link rel=\"canonical\" href=\"https:\/\/www.tygrys-biznes.pl\/?page_id=2435\" \/>\n<meta property=\"og:locale\" content=\"pl_PL\" \/>\n<meta property=\"og:type\" content=\"article\" \/>\n<meta property=\"og:title\" content=\"Budowa Sieci \u015awiat\u0142owodowych - TYGRYS.NET BIZNES\" \/>\n<meta property=\"og:description\" content=\"&nbsp;Budowa Sieci \u015awiat\u0142owodowych W zakresie budowy sieci \u015bwiat\u0142owodowych \u015bwiadczymy nast\u0119puj\u0105ce us\u0142ugi: &nbsp;Budowa linii [&hellip;]\" \/>\n<meta property=\"og:url\" content=\"https:\/\/www.tygrys-biznes.pl\/?page_id=2435\" \/>\n<meta property=\"og:site_name\" content=\"TYGRYS.NET BIZNES\" \/>\n<meta property=\"article:publisher\" content=\"https:\/\/www.facebook.com\/tygrys.net\" \/>\n<meta property=\"article:modified_time\" content=\"2019-03-21T11:38:28+00:00\" \/>\n<meta property=\"og:image\" content=\"http:\/\/www.tygrys-biznes.pl\/wp-content\/uploads\/2019\/03\/cyberspace-data-wire-electronic-538f77c7ee1247d4167afa14240d0f4a-1024x683.jpg\" \/>\n<meta name=\"twitter:card\" content=\"summary_large_image\" \/>\n<script type=\"application\/ld+json\" class=\"yoast-schema-graph\">{\"@context\":\"https:\/\/schema.org\",\"@graph\":[{\"@type\":\"WebPage\",\"@id\":\"https:\/\/www.tygrys-biznes.pl\/?page_id=2435\",\"url\":\"https:\/\/www.tygrys-biznes.pl\/?page_id=2435\",\"name\":\"Budowa Sieci \u015awiat\u0142owodowych - TYGRYS.NET BIZNES\",\"isPartOf\":{\"@id\":\"https:\/\/www.tygrys-biznes.pl\/#website\"},\"primaryImageOfPage\":{\"@id\":\"https:\/\/www.tygrys-biznes.pl\/?page_id=2435#primaryimage\"},\"image\":{\"@id\":\"https:\/\/www.tygrys-biznes.pl\/?page_id=2435#primaryimage\"},\"thumbnailUrl\":\"http:\/\/www.tygrys-biznes.pl\/wp-content\/uploads\/2019\/03\/cyberspace-data-wire-electronic-538f77c7ee1247d4167afa14240d0f4a-1024x683.jpg\",\"datePublished\":\"2019-03-21T11:22:39+00:00\",\"dateModified\":\"2019-03-21T11:38:28+00:00\",\"breadcrumb\":{\"@id\":\"https:\/\/www.tygrys-biznes.pl\/?page_id=2435#breadcrumb\"},\"inLanguage\":\"pl-PL\",\"potentialAction\":[{\"@type\":\"ReadAction\",\"target\":[\"https:\/\/www.tygrys-biznes.pl\/?page_id=2435\"]}]},{\"@type\":\"ImageObject\",\"inLanguage\":\"pl-PL\",\"@id\":\"https:\/\/www.tygrys-biznes.pl\/?page_id=2435#primaryimage\",\"url\":\"http:\/\/www.tygrys-biznes.pl\/wp-content\/uploads\/2019\/03\/cyberspace-data-wire-electronic-538f77c7ee1247d4167afa14240d0f4a-1024x683.jpg\",\"contentUrl\":\"http:\/\/www.tygrys-biznes.pl\/wp-content\/uploads\/2019\/03\/cyberspace-data-wire-electronic-538f77c7ee1247d4167afa14240d0f4a-1024x683.jpg\"},{\"@type\":\"BreadcrumbList\",\"@id\":\"https:\/\/www.tygrys-biznes.pl\/?page_id=2435#breadcrumb\",\"itemListElement\":[{\"@type\":\"ListItem\",\"position\":1,\"name\":\"Strona g\u0142\u00f3wna\",\"item\":\"https:\/\/www.tygrys-biznes.pl\/\"},{\"@type\":\"ListItem\",\"position\":2,\"name\":\"Budowa Sieci \u015awiat\u0142owodowych\"}]},{\"@type\":\"WebSite\",\"@id\":\"https:\/\/www.tygrys-biznes.pl\/#website\",\"url\":\"https:\/\/www.tygrys-biznes.pl\/\",\"name\":\"TYGRYS.NET BIZNES\",\"description\":\"Obs\u0142uga informatyczna\",\"publisher\":{\"@id\":\"https:\/\/www.tygrys-biznes.pl\/#organization\"},\"potentialAction\":[{\"@type\":\"SearchAction\",\"target\":{\"@type\":\"EntryPoint\",\"urlTemplate\":\"https:\/\/www.tygrys-biznes.pl\/?s={search_term_string}\"},\"query-input\":{\"@type\":\"PropertyValueSpecification\",\"valueRequired\":true,\"valueName\":\"search_term_string\"}}],\"inLanguage\":\"pl-PL\"},{\"@type\":\"Organization\",\"@id\":\"https:\/\/www.tygrys-biznes.pl\/#organization\",\"name\":\"TYGRYS.NET BIZNES\",\"url\":\"https:\/\/www.tygrys-biznes.pl\/\",\"logo\":{\"@type\":\"ImageObject\",\"inLanguage\":\"pl-PL\",\"@id\":\"https:\/\/www.tygrys-biznes.pl\/#\/schema\/logo\/image\/\",\"url\":\"https:\/\/www.tygrys-biznes.pl\/wp-content\/uploads\/2025\/04\/tygrysbiznes3logo.png\",\"contentUrl\":\"https:\/\/www.tygrys-biznes.pl\/wp-content\/uploads\/2025\/04\/tygrysbiznes3logo.png\",\"width\":200,\"height\":144,\"caption\":\"TYGRYS.NET BIZNES\"},\"image\":{\"@id\":\"https:\/\/www.tygrys-biznes.pl\/#\/schema\/logo\/image\/\"},\"sameAs\":[\"https:\/\/www.facebook.com\/tygrys.net\",\"https:\/\/www.instagram.com\/tygrys.net_rumia\/\"]}]}<\/script>\n<!-- \/ Yoast SEO plugin. -->","yoast_head_json":{"title":"Budowa Sieci \u015awiat\u0142owodowych - TYGRYS.NET BIZNES","robots":{"index":"index","follow":"follow","max-snippet":"max-snippet:-1","max-image-preview":"max-image-preview:large","max-video-preview":"max-video-preview:-1"},"canonical":"https:\/\/www.tygrys-biznes.pl\/?page_id=2435","og_locale":"pl_PL","og_type":"article","og_title":"Budowa Sieci \u015awiat\u0142owodowych - TYGRYS.NET BIZNES","og_description":"&nbsp;Budowa Sieci \u015awiat\u0142owodowych W zakresie budowy sieci \u015bwiat\u0142owodowych \u015bwiadczymy nast\u0119puj\u0105ce us\u0142ugi: &nbsp;Budowa linii [&hellip;]","og_url":"https:\/\/www.tygrys-biznes.pl\/?page_id=2435","og_site_name":"TYGRYS.NET BIZNES","article_publisher":"https:\/\/www.facebook.com\/tygrys.net","article_modified_time":"2019-03-21T11:38:28+00:00","og_image":[{"url":"http:\/\/www.tygrys-biznes.pl\/wp-content\/uploads\/2019\/03\/cyberspace-data-wire-electronic-538f77c7ee1247d4167afa14240d0f4a-1024x683.jpg","type":"","width":"","height":""}],"twitter_card":"summary_large_image","schema":{"@context":"https:\/\/schema.org","@graph":[{"@type":"WebPage","@id":"https:\/\/www.tygrys-biznes.pl\/?page_id=2435","url":"https:\/\/www.tygrys-biznes.pl\/?page_id=2435","name":"Budowa Sieci \u015awiat\u0142owodowych - TYGRYS.NET BIZNES","isPartOf":{"@id":"https:\/\/www.tygrys-biznes.pl\/#website"},"primaryImageOfPage":{"@id":"https:\/\/www.tygrys-biznes.pl\/?page_id=2435#primaryimage"},"image":{"@id":"https:\/\/www.tygrys-biznes.pl\/?page_id=2435#primaryimage"},"thumbnailUrl":"http:\/\/www.tygrys-biznes.pl\/wp-content\/uploads\/2019\/03\/cyberspace-data-wire-electronic-538f77c7ee1247d4167afa14240d0f4a-1024x683.jpg","datePublished":"2019-03-21T11:22:39+00:00","dateModified":"2019-03-21T11:38:28+00:00","breadcrumb":{"@id":"https:\/\/www.tygrys-biznes.pl\/?page_id=2435#breadcrumb"},"inLanguage":"pl-PL","potentialAction":[{"@type":"ReadAction","target":["https:\/\/www.tygrys-biznes.pl\/?page_id=2435"]}]},{"@type":"ImageObject","inLanguage":"pl-PL","@id":"https:\/\/www.tygrys-biznes.pl\/?page_id=2435#primaryimage","url":"http:\/\/www.tygrys-biznes.pl\/wp-content\/uploads\/2019\/03\/cyberspace-data-wire-electronic-538f77c7ee1247d4167afa14240d0f4a-1024x683.jpg","contentUrl":"http:\/\/www.tygrys-biznes.pl\/wp-content\/uploads\/2019\/03\/cyberspace-data-wire-electronic-538f77c7ee1247d4167afa14240d0f4a-1024x683.jpg"},{"@type":"BreadcrumbList","@id":"https:\/\/www.tygrys-biznes.pl\/?page_id=2435#breadcrumb","itemListElement":[{"@type":"ListItem","position":1,"name":"Strona g\u0142\u00f3wna","item":"https:\/\/www.tygrys-biznes.pl\/"},{"@type":"ListItem","position":2,"name":"Budowa Sieci \u015awiat\u0142owodowych"}]},{"@type":"WebSite","@id":"https:\/\/www.tygrys-biznes.pl\/#website","url":"https:\/\/www.tygrys-biznes.pl\/","name":"TYGRYS.NET BIZNES","description":"Obs\u0142uga informatyczna","publisher":{"@id":"https:\/\/www.tygrys-biznes.pl\/#organization"},"potentialAction":[{"@type":"SearchAction","target":{"@type":"EntryPoint","urlTemplate":"https:\/\/www.tygrys-biznes.pl\/?s={search_term_string}"},"query-input":{"@type":"PropertyValueSpecification","valueRequired":true,"valueName":"search_term_string"}}],"inLanguage":"pl-PL"},{"@type":"Organization","@id":"https:\/\/www.tygrys-biznes.pl\/#organization","name":"TYGRYS.NET BIZNES","url":"https:\/\/www.tygrys-biznes.pl\/","logo":{"@type":"ImageObject","inLanguage":"pl-PL","@id":"https:\/\/www.tygrys-biznes.pl\/#\/schema\/logo\/image\/","url":"https:\/\/www.tygrys-biznes.pl\/wp-content\/uploads\/2025\/04\/tygrysbiznes3logo.png","contentUrl":"https:\/\/www.tygrys-biznes.pl\/wp-content\/uploads\/2025\/04\/tygrysbiznes3logo.png","width":200,"height":144,"caption":"TYGRYS.NET BIZNES"},"image":{"@id":"https:\/\/www.tygrys-biznes.pl\/#\/schema\/logo\/image\/"},"sameAs":["https:\/\/www.facebook.com\/tygrys.net","https:\/\/www.instagram.com\/tygrys.net_rumia\/"]}]}},"_links":{"self":[{"href":"https:\/\/www.tygrys-biznes.pl\/index.php?rest_route=\/wp\/v2\/pages\/2435","targetHints":{"allow":["GET"]}}],"collection":[{"href":"https:\/\/www.tygrys-biznes.pl\/index.php?rest_route=\/wp\/v2\/pages"}],"about":[{"href":"https:\/\/www.tygrys-biznes.pl\/index.php?rest_route=\/wp\/v2\/types\/page"}],"author":[{"embeddable":true,"href":"https:\/\/www.tygrys-biznes.pl\/index.php?rest_route=\/wp\/v2\/users\/1"}],"replies":[{"embeddable":true,"href":"https:\/\/www.tygrys-biznes.pl\/index.php?rest_route=%2Fwp%2Fv2%2Fcomments&post=2435"}],"version-history":[{"count":0,"href":"https:\/\/www.tygrys-biznes.pl\/index.php?rest_route=\/wp\/v2\/pages\/2435\/revisions"}],"wp:attachment":[{"href":"https:\/\/www.tygrys-biznes.pl\/index.php?rest_route=%2Fwp%2Fv2%2Fmedia&parent=2435"}],"curies":[{"name":"wp","href":"https:\/\/api.w.org\/{rel}","templated":true}]}}